 Let m(d) = 4*d**3 - 2*d**2 + d - 2. Let y be m(1). Calculate t(y).
8
Let n(v) = v**2 + 7*v + 5. Let u be n(-5). Let c be 25/u - (-4)/2. Let m(h) = -h**2 - 3*h + 2. Give m(c).
2
Let t(q) = q**2 - 16*q - 17*q + 3 - 7*q + 34*q. Calculate t(7).
10
Let j(m) = -m**2 + 9*m - 6. Let f(v) = -4*v - 91. Let p be f(-25). Give j(p).
-6
Let c(m) be the first derivative of 15*m**4/4 + m**3/3 + m**2/2 - 1. Suppose g - 4*l - 43 = 0, -3*g + 171 + 13 = -l. Let k = 62 - g. What is c(k)?
-15
Suppose 5 + 3 = 4*i. Let l(w) = 3 - 6 + i*w + 2 - w. Let p(g) = -13*g + 16. Let n be p(1). Calculate l(n).
2
Let v(y) be the first derivative of -y**3/3 - y**2/2 + 3*y + 1. Suppose -23*o - 110*o - 399 = 0. Determine v(o).
-3
Let k(n) = 5*n - 2. Let r(s) = -6*s + 6. Let d(v) = -5*v + 5. Let f(b) = 5*d(b) - 4*r(b). Let a(l) = -4*f(l) - k(l). Give a(-7).
5
Let o be 1*2 - (46 + -15). Let p = -3 + -23. Let v = p - o. Let t(y) = -2*y + 2. Give t(v).
-4
Let z = -30 - -35. Suppose -z*s - 10 = -10*s. Let n(b) = 0*b**2 + 1 - 5*b**s + b + 4*b**2. Determine n(-1).
-1
Let v(p) be the third derivative of -p**5/60 + p**4/6 + 5*p**3/3 - 11*p**2. Let n be v(6). Let y(g) = -g**2 - g + 2. Give y(n).
0
Suppose 11*c - 8*c - 300 = 0. Suppose 3*g - g - c = 0. Let l be ((-9)/(-5))/(15/g). Let k(b) = -b + 7. Give k(l).
1
Let a(t) be the first derivative of 2*t**3/3 + 3*t**2/2 + 4*t + 218. Give a(-1).
3
Let o(h) = 3*h**2 - 5*h - 6. Let c be o(-1). Let s(j) = -68*j**2 - 4 + 75*j**c - j**3 - 3 + j. Determine s(7).
0
Let r(f) = -f + 15. Let c be r(12). Let q = c - 3. Suppose -5*j = s - q*s + 11, -3*s = -4*j - 24. Let y(w) = -2*w**2 - 3*w + 2. Determine y(j).
-7
Let b(n) be the first derivative of 1/3*n**3 - 4*n + 3 - 5/2*n**2. Determine b(6).
2
Let z(u) = -25*u**3 - 2*u**2 - 3*u + 1. Let t(p) = -p**3 - p. Let r(s) = -3*t(s) + z(s). Let h be (1 - (0 - 0))/(8 + -9). What is r(h)?
21
Let h(m) = m**3 + 5*m**2 - 7. Let p be h(-5). Let n be 48/(-10) + p/35. Let o(a) = -4*a + 5. Let w(v) = -v. Let t(z) = o(z) - 5*w(z). Determine t(n).
0
Let i = 3 + -2. Let m(z) be the first derivative of -z**2/2 + 13. Give m(i).
-1
Let w(l) = -3 - 9*l + 10*l + l. Let j be 4/26 + (-45)/39. Let a be w(j). Let f(q) = -q**3 - 7*q**2 - 5*q + 7. Calculate f(a).
-18
Let l(r) = -3*r**2 - 33*r - 16. Let h(b) = -8*b**2 - 94*b - 48. Let j(f) = 4*h(f) - 11*l(f). Give j(12).
-28
Let n(w) be the third derivative of w**4/24 + w**3/6 - w**2. Let p = -70 + 119. Let f = -45 + p. Determine n(f).
5
Suppose 3*x = 2*x + 3. Suppose 1 = -x*i + 4. Let z(y) = -3*y - i + 6*y - 2*y. Calculate z(-5).
-6
Let o(p) = -2*p**3 - 5*p**2 - p + 4. Suppose 216 = 81*m - 153*m. Determine o(m).
16
Let b(p) = p - 1. Let f(j) = 4*j - 6. Let g(d) = -14*b(d) + 3*f(d). Let l(q) = q**2 + 7*q + 7. Let a be l(-4). Give g(a).
6
Let m(y) = -2*y**3 + 2*y**2 + y + 1. Let i be -60*((-4)/18*-3 - 1). Suppose -4 + i = 8*f. Give m(f).
-5
Let g(m) be the second derivative of m**4/12 + 5*m**2/2 - m. Let r = 54 + -55. Let d be 0/((((-10)/5)/r)/(-2)). Give g(d).
5
Suppose -3*n = -15, -215*t - 5*n = -220*t - 60. Let l(i) = -i**3 - 5*i**2 + 9*i + 4. What is l(t)?
39
Let g(j) = j - 1. Let h(a) = -3*a - 2. Let i be h(-6). Let u = i + -15. Give g(u).
0
Let w(m) be the first derivative of m - 5. Let i(z) = 13*z - 1. Let f be (0 + -1)*(7 - 6). Let q(u) = f*i(u) - 2*w(u). Determine q(-1).
12
Suppose 33*f - 41 = -8. Let q(r) = 3*r**3 + r**2 - 1. Give q(f).
3
Let v(r) be the third derivative of -r**6/120 - r**3/2 + 107*r**2. Determine v(0).
-3
Let i be (2/(-3))/(2/(-9)). Suppose 0 = -o - i*o. Let n be 2 + o + 30/(-5). Let y(w) = -w**3 - 4*w**2 - w - 3. What is y(n)?
1
Let t(o) = o**2 + 5*o - 1. Let u(n) = -23*n + 201. Let c be u(9). Determine t(c).
5
Let q(f) = -6*f - 5. Let o(l) = -7*l - 6. Let g(v) = -5*o(v) + 6*q(v). Let a(u) = u**2 - 2*u + 7. Let i(z) = a(z) + 5*g(z). Let w = 11 + -6. Calculate i(w).
-3
Let q(a) = 10 + 7*a - 11 - a**2 + 14. Let i be q(9). Let l(v) be the third derivative of v**6/120 + v**5/10 + v**4/4 - v**3/2 - 2*v**2. What is l(i)?
-8
Suppose 3*x - 2*o = 10, -1 = 4*x - 5*o - 5. Let g(i) = i**3 - 6*i**2 - 2*i + 2. Determine g(x).
-10
Let z(p) = p**2 - p - 1. Let h(a) = a**3 + 10*a**2 - 7*a - 10. Let g(q) = -h(q) + 6*z(q). Let r = 5 - -1. Let d = -10 + r. Determine g(d).
0
Let o = -4336 + 4343. Let a(b) = 6*b + 1. Let u(p) = 7*p + 2. Let j(x) = 6*a(x) - 5*u(x). Determine j(o).
3
Let v(y) be the second derivative of -13*y**5/60 + y**3/6 - 10*y**2 - y. Let a(n) be the first derivative of v(n). Determine a(-1).
-12
Let z be 108/30 + (-2)/(-5). Suppose z*t - 19 - 29 = 0. Let g = t + -14. Let l(f) = 3*f**2 + f - 2. Determine l(g).
8
Let s(q) = q**2 - q + 1. Let d(f) = 3*f**2 - 8*f + 8. Let r(b) = -d(b) + 2*s(b). Let h be (0 - (-12)/28) + 9/(-21). Suppose h = -6*n + 6 + 18. Determine r(n).
2
Let l be (-6)/4*10/(-3). Let d(x) be the second derivative of 1/2*x**2 + 0 - 1/6*x**3 + 4*x. Give d(l).
-4
Let f(h) be the second derivative of 0*h**2 - 1/720*h**6 + 0*h**3 + 0 + 6*h - 1/3*h**4 + 1/20*h**5. Let o(j) be the third derivative of f(j). Determine o(3).
3
Let t(x) be the third derivative of x**4/3 + 8*x**3/3 + 4*x**2 + x. Calculate t(-5).
-24
Let p = -11 + 13. Let s(r) = -19 + 2*r**2 + p*r**3 - 3*r**3 + 2*r**2 - 3*r**2. Calculate s(0).
-19
Suppose 3*m = 39 - 21. Let v(i) = -i**2 + i + 4. Calculate v(m).
-26
Let u(w) be the third derivative of -11*w**5/60 + w**4/24 + 449*w**2. Calculate u(1).
-10
Let f(s) = -8*s - 39. Let l(i) = 3*i + 19. Let h(n) = -2*f(n) - 5*l(n). Calculate h(7).
-10
Let r(p) = 7*p - 14*p - 1 + 6 + 10*p. Let b = 4 - 8. Calculate r(b).
-7
Let h(c) = 97*c - 5 + 1 - 95*c + 4*c**2. Determine h(-3).
26
Let k(j) = 31*j**2 - 1. Let y = 443 + -442. What is k(y)?
30
Let k(h) be the first derivative of -h**2/2 - 14*h + 173. Calculate k(6).
-20
Let i(m) = -m + 3. Let t be i(3). Suppose -5*w = 2*g - 365, -4*w + 280 = 3*g + g. Let s(f) = -f**2 + w*f - 3 - 75*f. Give s(t).
-3
Let l(j) be the third derivative of j**5/60 + 11*j**4/24 + 2*j**3/3 + j**2 + 275. What is l(-12)?
16
Let w(k) = 5*k - 4. Let i(o) = -7*o + 3. Let j(y) = 4*i(y) + 6*w(y). What is j(7)?
2
Suppose -4*u - r - 36 = 0, 5*u + 20*r = 18*r - 45. Let f(d) = -3*d - 34. Calculate f(u).
-7
Let b = 19 - 19. Suppose b = -4*d + d + 9. Let y(h) = -h**2 - h. Let c(j) = j**2 + 3*j. Let l(m) = 3*c(m) + 5*y(m). Determine l(d).
-6
Let p(i) = i**2 - 2. Let t be -1 + 0 + (2 - 0). Suppose -t = v - 3. Suppose b - 2*k - 10 = -2*b, 0 = -v*b - 3*k - 2. What is p(b)?
2
Let b be ((-5)/15)/((-1)/(-15)). Let c(m) = -m**3 - 1. Let d(r) = -2*r - 49*r**3 + 45*r**3 - 9 + 3*r. Let t(h) = b*c(h) + d(h). Determine t(0).
-4
Let v(d) = -2466 + 4957 - 2387 - 18*d. Calculate v(6).
-4
Let i(r) = r**3 - 7*r**2 + 3*r - 7. Suppose -2*w - 2 + 6 = 2*g, -2*w + 4*g + 34 = 0. Give i(w).
14
Let d = 41 - 39. Suppose p = d*l + 5, -5*l - 17 = -p + 3. Let b(o) = o**3 + 4*o**2 - 7*o - 1. Determine b(p).
9
Let h = -26 + 24. Let m be (-4)/6 + h/(-3). Suppose 2*x = -m*x. Let i(q) = -q + 2. What is i(x)?
2
Let k(m) = -2*m**2 - 2*m + 1. Suppose -3*v + 2*v = -1. Suppose 11 - v = -2*c. Let b be (-20)/25*c/2. Determine k(b).
-11
Let n(l) = 2*l + 11. Let k = -5 - -9. Let p(y) = 2*y + 12. Let v(m) = k*p(m) - 5*n(m). Let t be v(-5). Let q(c) = -c**2 + 4*c - 2. What is q(t)?
1
Let b(n) = 1596 - 3202 - 2*n + 1602. What is b(-4)?
4
Let p(o) be the third derivative of -o**8/6720 + o**7/1260 + o**6/720 + o**4/4 - 11*o**2. Let n(x) be the second derivative of p(x). Determine n(2).
2
Let a be -8*6/(-12) + 28. Let v be 1/2*(a + -18). Let s(y) = 10*y**2 - 21*y + 22. Let r(m) = -3*m**2 + 7*m - 7. Let j(f) = -7*r(f) - 2*s(f). Determine j(v).
5
Let m(x) = x**2 - 2*x + 3. Let d(y) = -y**2 - 12*y + 225. Let a be d(-22). What is m(a)?
18
Let k be (-26)/5 + 2/10. Let i(o) be the third derivative of -o**5/60 - o**4/4 + 7*o**3/6 - 5*o**2. Determine i(k).
12
Let d = 361 - 363. Let u(w) = -w**3 - 3*w**2 - 2*w - 3. Give u(d).
-3
Let n = 3 - 11. Let m(k) = -2*k**2 + 9*k + 2. Let f(s) = s**2 + 1. Let y(v) = 3*f(v) + m(v). What is y(n)?
-3
Let o(h) be the second derivative of -h**7/2520 - h**6/240 + h**5/60 + 11*h**4/12 + 11*h. Let s(g) be the third derivative of o(g). Calculate s(-6).
-16
Let j = -145 + 155. Let s(i) = i**2 - 12*i + 5. Give s(j).
-15
Let p = -25 + 29. Suppose -15 = -p*y - 7. Let